 is the hundred thousands digit of 3524658?
5
What is the thousands digit of 743099?
3
What is the thousands digit of 223123?
3
What is the millions digit of 1152195?
1
What is the tens digit of 976344?
4
What is the thousands digit of 643360?
3
What is the tens digit of 1546851?
5
What is the hundreds digit of 173706?
7
What is the hundreds digit of 773?
7
What is the hundred thousands digit of 30248836?
2
What is the thousands digit of 1162794?
2
What is the ten thousands digit of 648005?
4
What is the hundred thousands digit of 121841?
1
What is the tens digit of 12280318?
1
What is the tens digit of 6001391?
9
What is the hundreds digit of 479914?
9
What is the thousands digit of 638968?
8
What is the tens digit of 14844476?
7
What is the tens digit of 90590?
9
What is the thousands digit of 3487520?
7
What is the hundred thousands digit of 5867198?
8
What is the ten thousands digit of 119332?
1
What is the tens digit of 3367233?
3
What is the ten millions digit of 35338364?
3
What is the tens digit of 1459167?
6
What is the ten thousands digit of 651802?
5
What is the thousands digit of 2957792?
7
What is the hundreds digit of 260688?
6
What is the millions digit of 1504343?
1
What is the units digit of 975478?
8
What is the units digit of 3712744?
4
What is the millions digit of 1035417?
1
What is the units digit of 1752035?
5
What is the hundred thousands digit of 993023?
9
What is the units digit of 12699938?
8
What is the thousands digit of 1909612?
9
What is the units digit of 327838?
8
What is the thousands digit of 174405?
4
What is the units digit of 1801998?
8
What is the thousands digit of 173569?
3
What is the hundred thousands digit of 732042?
7
What is the ten thousands digit of 453186?
5
What is the ten thousands digit of 46322?
4
What is the ten millions digit of 10983328?
1
What is the hundreds digit of 423371?
3
What is the hundreds digit of 111209?
2
What is the units digit of 295809?
9
What is the hundred thousands digit of 1672396?
6
What is the hundred thousands digit of 617739?
6
What is the thousands digit of 21459657?
9
What is the hundred thousands digit of 853899?
8
What is the tens digit of 1068169?
6
What is the thousands digit of 357909?
7
What is the thousands digit of 2670970?
0
What is the hundred thousands digit of 1475266?
4
What is the hundred thousands digit of 941755?
9
What is the tens digit of 9118076?
7
What is the hundreds digit of 874492?
4
What is the hundreds digit of 540640?
6
What is the units digit of 431973?
3
What is the units digit of 6285067?
7
What is the hundred thousands digit of 220814?
2
What is the tens digit of 2672781?
8
What is the units digit of 871271?
1
What is the hundreds digit of 16746257?
2
What is the hundred thousands digit of 1688749?
6
What is the units digit of 46915?
5
What is the units digit of 258065?
5
What is the hundred thousands digit of 509387?
5
What is the millions digit of 5725351?
5
What is the ten thousands digit of 1485115?
8
What is the millions digit of 6740231?
6
What is the hundreds digit of 32993?
9
What is the ten thousands digit of 18405542?
0
What is the thousands digit of 40910?
0
What is the ten thousands digit of 10354021?
5
What is the ten thousands digit of 4605563?
0
What is the millions digit of 5465651?
5
What is the millions digit of 8996198?
8
What is the millions digit of 1682526?
1
What is the hundred thousands digit of 304939?
3
What is the units digit of 785293?
3
What is the tens digit of 608833?
3
What is the hundreds digit of 716053?
0
What is the hundred thousands digit of 9634167?
6
What is the tens digit of 536847?
4
What is the millions digit of 2594193?
2
What is the millions digit of 3417972?
3
What is the units digit of 171479?
9
What is the tens digit of 27652566?
6
What is the thousands digit of 1595901?
5
What is the tens digit of 92882?
8
What is the units digit of 489734?
4
What is the units digit of 904833?
3
What is the hundreds digit of 490808?
8
What is the hundreds digit of 2282434?
4
What is the hundred thousands digit of 288532?
2
What is the units digit of 144066?
6
What is the units digit of 807498?
8
What is the millions digit of 28763258?
8
What is the hundreds digit of 2933448?
4
What is the thousands digit of 13426679?
6
What is the thousands digit of 220619?
0
What is the hundred thousands digit of 2329426?
3
What is the millions digit of 7965876?
7
What is the tens digit of 394599?
9
What is the hundred thousands digit of 586150?
5
What is the tens digit of 314061?
6
What is the thousands digit of 134221?
4
What is the units digit of 3392?
2
What is the tens digit of 548214?
1
What is the hundreds digit of 251055?
0
What is the tens digit of 320189?
8
What is the millions digit of 1265650?
1
What is the millions digit of 20214728?
0
What is the ten thousands digit of 27122928?
2
What is the millions digit of 7733986?
7
What is the ten thousands digit of 268173?
6
What is the units digit of 4466080?
0
What is the thousands digit of 500008?
0
What is the ten thousands digit of 1038803?
3
What is the units digit of 160932?
2
What is the millions digit of 12725805?
2
What is the tens digit of 2510324?
2
What is the units digit of 82509?
9
What is the tens digit of 16661?
6
What is the units digit of 7791?
1
What is the units digit of 8073823?
3
What is the units digit of 14940307?
7
What is the ten millions digit of 19765155?
1
What is the units digit of 138040?
0
What is the units digit of 19415439?
9
What is the tens digit of 144415?
1
What is the tens digit of 230473?
7
What is the ten thousands digit of 388153?
8
What is the tens digit of 4899030?
3
What is the units digit of 4375988?
8
What is the millions digit of 28246062?
8
What is the millions digit of 1577015?
1
What is the units digit of 12261410?
0
What is the units digit of 659188?
8
What is the ten thousands digit of 2715199?
1
What is the millions digit of 3876023?
3
What is the units digit of 13301100?
0
What is the thousands digit of 1751470?
1
What is the thousands digit of 99347?
9
What is the thousands digit of 599298?
9
What is the ten millions digit of 22659075?
2
What is the ten thousands digit of 4334481?
3
What is the thousands digit of 1005273?
5
What is the millions digit of 23562559?
3
What is the ten thousands digit of 4286879?
8
What is the millions digit of 1688242?
1
What is the units digit of 79087?
7
What is the units digit of 947534?
4
What is the ten millions digit of 19100150?
1
What is the units digit of 152482?
2
What is the ten thousands digit of 2122377?
2
What is the tens digit of 1874606?
0
What is the tens digit of 31317247?
4
What is the hundreds digit of 86785?
7
What is the ten thousands digit of 3389122?
8
What is the units digit of 1160348?
8
What is the hundred thousands digit of 185938?
1
What is the hundred thousands digit of 241561?
2
What is the units digit of 86028?
8
What is the thousands digit of 37857255?
7
What is the hundred thousands digit of 379500?
3
What is the thousands digit of 723181?
3
What is the thousands digit of 2557560?
7
What is the units digit of 20432?
2
What is the ten thousands digit of 10742215?
4
What is the hundred thousands digit of 1436140?
4
What is the hundred thousands digit of 1480001?
4
What is the ten thousands digit of 111321?
1
What is the hundred thousands digit of 457760?
4
What is the ten thousands digit of 541224?
4
What is the hundreds digit of 10130521?
5
What is the hundred thousands digit of 160954?
1
What is the units digit of 272717?
7
What is the ten thousands digit of 298491?
9
What is the hundreds digit of 4908032?
0
What is the hundreds digit of 628064?
0
What is the hundred thousands digit of 128526?
1
What is the tens digit of 2222676?
7
What is the hundreds digit of 349466?
4
What is the thousands digit of 896703?
6
What is the ten thousands digit of 2242440?
4
What is the millions digit of 1121456?
1
What is the units digit of 59594?
4
What is the tens digit of 732695?
9
What is the thousands digit of 60638?
0
What is the tens digit of 1960401?
0
What is the millions digit of 2268138?
2
What is the tens digit of 291645?
4
What is the millions digit of 6054708?
6
What is the hundreds digit of 2801518?
5
What is the hundred thousands digit of 3379